when 476 is divided by 94?
6
What is the remainder when 131 is divided by 27?
23
Calculate the remainder when 356 is divided by 96.
68
Calculate the remainder when 78 is divided by 17.
10
Calculate the remainder when 970 is divided by 54.
52
What is the remainder when 194 is divided by 36?
14
Calculate the remainder when 36 is divided by 5.
1
What is the remainder when 405 is divided by 43?
18
Calculate the remainder when 331 is divided by 7.
2
What is the remainder when 128 is divided by 6?
2
Calculate the remainder when 485 is divided by 62.
51
What is the remainder when 473 is divided by 13?
5
What is the remainder when 1313 is divided by 33?
26
Calculate the remainder when 353 is divided by 22.
1
Calculate the remainder when 137 is divided by 10.
7
What is the remainder when 123 is divided by 7?
4
Calculate the remainder when 562 is divided by 27.
22
What is the remainder when 819 is divided by 130?
39
What is the remainder when 8656 is divided by 18?
16
Calculate the remainder when 48448 is divided by 150.
148
What is the remainder when 3411 is divided by 30?
21
What is the remainder when 12141 is divided by 184?
181
What is the remainder when 1522 is divided by 167?
19
Calculate the remainder when 142 is divided by 66.
10
Calculate the remainder when 40 is divided by 9.
4
Calculate the remainder when 55 is divided by 23.
9
What is the remainder when 331 is divided by 167?
164
What is the remainder when 185 is divided by 85?
15
What is the remainder when 56 is divided by 54?
2
What is the remainder when 40 is divided by 14?
12
Calculate the remainder when 194 is divided by 33.
29
What is the remainder when 802 is divided by 401?
0
What is the remainder when 823 is divided by 55?
53
Calculate the remainder when 839 is divided by 28.
27
Calculate the remainder when 136 is divided by 28.
24
What is the remainder when 205 is divided by 85?
35
What is the remainder when 17016 is divided by 460?
456
What is the remainder when 1032 is divided by 952?
80
What is the remainder when 7357 is divided by 26?
25
What is the remainder when 7640 is divided by 98?
94
What is the remainder when 316 is divided by 166?
150
What is the remainder when 422 is divided by 46?
8
Calculate the remainder when 251 is divided by 18.
17
Calculate the remainder when 312 is divided by 111.
90
What is the remainder when 5452 is divided by 107?
102
What is the remainder when 1923 is divided by 80?
3
What is the remainder when 1423 is divided by 15?
13
What is the remainder when 2902 is divided by 32?
22
Calculate the remainder when 13503 is divided by 19.
13
What is the remainder when 17 is divided by 2?
1
What is the remainder when 166 is divided by 24?
22
Calculate the remainder when 17016 is divided by 31.
28
Calculate the remainder when 133 is divided by 91.
42
What is the remainder when 3633 is divided by 104?
97
What is the remainder when 19 is divided by 6?
1
Calculate the remainder when 62 is divided by 9.
8
What is the remainder when 154 is divided by 42?
28
Calculate the remainder when 3669 is divided by 153.
150
Calculate the remainder when 3290 is divided by 21.
14
Calculate the remainder when 707 is divided by 14.
7
Calculate the remainder when 218 is divided by 32.
26
What is the remainder when 179 is divided by 167?
12
Calculate the remainder when 1114 is divided by 36.
34
What is the remainder when 35 is divided by 8?
3
Calculate the remainder when 1492 is divided by 497.
1
Calculate the remainder when 7197 is divided by 15.
12
Calculate the remainder when 49 is divided by 10.
9
What is the remainder when 254 is divided by 246?
8
What is the remainder when 1188 is divided by 201?
183
What is the remainder when 459 is divided by 58?
53
Calculate the remainder when 1535 is divided by 267.
200
What is the remainder when 1031 is divided by 216?
167
Calculate the remainder when 94 is divided by 38.
18
Calculate the remainder when 433 is divided by 19.
15
Calculate the remainder when 4518 is divided by 137.
134
Calculate the remainder when 186 is divided by 17.
16
What is the remainder when 920 is divided by 154?
150
What is the remainder when 5824 is divided by 188?
184
What is the remainder when 51 is divided by 6?
3
Calculate the remainder when 765 is divided by 77.
72
Calculate the remainder when 427 is divided by 72.
67
What is the remainder when 1552 is divided by 69?
34
What is the remainder when 80 is divided by 14?
10
Calculate the remainder when 220 is divided by 48.
28
Calculate the remainder when 192 is divided by 59.
15
Calculate the remainder when 858 is divided by 25.
8
What is the remainder when 93 is divided by 24?
21
Calculate the remainder when 1513 is divided by 101.
99
What is the remainder when 6069 is divided by 13?
11
Calculate the remainder when 4848 is divided by 231.
228
What is the remainder when 699 is divided by 9?
6
What is the remainder when 448 is divided by 30?
28
Calculate the remainder when 6667 is divided by 23.
20
Calculate the remainder when 199 is divided by 77.
45
Calculate the remainder when 1405 is divided by 208.
157
What is the remainder when 221 is divided by 28?
25
Calculate the remainder when 12184 is divided by 508.
500
What is the remainder when 433 is divided by 74?
63
What is the remainder when 200 is divided by 30?
20
Calculate the remainder when 10575 is divided by 16.
15
What is the remainder when 180 is divided by 80?
20
What is the remainder when 118 is divided by 14?
6
Calculate the remainder when 7361 is divided by 29.
24
Calculate the remainder when 7073 is divided by 122.
119
Calculate the remainder when 149 is divided by 30.
29
What is the remainder when 222 is divided by 62?
36
Calculate the remainder when 456 is divided by 17.
14
Calculate the remainder when 426 is divided by 2.
0
Calculate the remainder when 42 is divided by 16.
10
Calculate the remainder when 110 is divided by 23.
18
Calculate the remainder when 1272 is divided by 280.
152
Calculate the remainder when 506 is divided by 118.
34
Calculate the remainder when 284 is divided by 39.
11
Calculate the remainder when 3017 is divided by 1494.
29
What is the remainder when 1377 is divided by 12?
9
Calculate the remainder when 884 is divided by 59.
58
What is the remainder when 197 is divided by 113?
84
Calculate the remainder when 283 is divided by 148.
135
Calculate the remainder when 245 is divided by 18.
11
What is the remainder when 583 is divided by 117?
115
What is the remainder when 647 is divided by 173?
128
What is the remainder when 1086 is divided by 10?
6
Calculate the remainder when 32 is divided by 14.
4
What is the remainder when 3973 is divided by 142?
139
What is the remainder when 656 is divided by 110?
106
What is the remainder when 75 is divided by 38?
37
Calculate the remainder when 93 is divided by 24.
21
Calculate the remainder when 100 is divided by 49.
2
What is the remainder when 563 is divided by 44?
35
Calculate the remainder when 449 is divided by 30.
29
Calculate the remainder when 489 is divided by 103.
77
What is the remainder when 50375 is divided by 24?
23
Calculate the remainder when 178 is divided by 23.
17
What is the remainder when 65 is divided by 26?
13
Calculate the remainder when 234 is divided by 109.
16
What is the remainder when 292 is divided by 92?
16
What is the remainder when 159 is divided by 24?
15
What is the remainder when 71 is divided by 8?
7
What is the remainder when 84 is divided by 13?
6
Calculate the remainder when 66 is divided by 14.
10
What is the remainder when 280 is divided by 40?
0
Calculate the remainder when 215 is divided by 18.
17
What is the remainder when 730 is divided by 706?
24
What is the remainder when 221 is divided by 3?
2
Calculate the remainder when 4845 is divided by 50.
45
What is the remainder when 1588 is divided by 43?
40
What is the remainder when 1261 is divided by 104?
13
What is the remainder when 134 is divided by 3?
2
Calculate the remainder when 55 is divided by 23.
9
Calculate the remainder when 163 is divided by 28.
23
What is the remainder when 521 is divided by 9?
8
What is the remainder when 4367 is divided by 17?
15
Calculate the remainder when 160 is divided by 7.
6
Calculate the remainder when 594 is divided by 50.
44
What is the remaind